). Let h be 4 + s + q/(-3)*0. Determine w(h).
-13
Suppose 170 - 179 = -16*g + 7*g. Let i(j) be the third derivative of 7*j**5/15 + j**4/24 - j**3/6 - 3*j**2. Give i(g).
28
Let j(f) = 25*f**2 - 4*f + 3. Let q(m) = m**3 - m**2 + 4*m + 7. Let h be q(-1). What is j(h)?
24
Let l(g) be the third derivative of -g**5/60 + g**4/4 + g**3/3 - 25*g**2. Let b = -15 + 3. Let n be 6*((-38)/b + -2). What is l(n)?
-5
Let h(u) = -u**2 + 6*u - 2. Suppose -a - 4*a - 9 = -t, 17 = 5*t + 3*a. Let m be (30/t)/(33/88). Suppose l = 6*l - m. Give h(l).
6
Let a be -7 - ((-8 - 1) + 27 + -28). Let i(u) be the second derivative of -u**3/2 + 2*u**2 + u. Give i(a).
-5
Suppose -16*w - 3 = -51. Let n(m) = -6*m + 7*m - w*m + 4*m**2 + m + 1. Determine n(1).
4
Let r = -383 + 385. Let n(j) = 2*j**2 - 13*j - 3. Let t(s) = -s**2 + 7*s + 2. Let y(a) = 4*n(a) + 7*t(a). Give y(r).
0
Suppose 5*u = -2*x + 24, 4*u - 4*x - 8 = -0*u. Let q(n) = -n - 25 + 8 - u. Calculate q(-19).
-2
Let z(q) be the second derivative of q**4/6 + 5*q**3/3 + q**2 + 2*q - 123. What is z(-5)?
2
Let h(u) = 0*u - 121 + 144 - 6*u + u**2 - 2*u - 3*u. Give h(11).
23
Let b(d) = -d**3 - 7*d**2 + 9*d + 5. Let j be b(-8). Let k(y) = 95*y**2 + 4 + y**3 - 36*y**2 - 10*y**2 + y - 44*y**2 + 0*y. Determine k(j).
19
Let j(x) = 14*x + 26. Let s(c) = 2*c**2 - 24*c - 77. Let z(u) = -10*j(u) - 3*s(u). Determine z(-11).
-7
Let j be (156/(-60) + 2)/(2/20). Let u(r) = -r**2 - 6*r - 9. Determine u(j).
-9
Let t(l) be the third derivative of l**6/120 - l**5/12 - l**4/24 - l**3 - 183*l**2 - 2. Give t(6).
24
Suppose 34*u = 24 + 24 + 88. Let m(q) = 4*q**2 - q - 1. Give m(u).
59
Let f(l) be the third derivative of -l**4/2 + 5*l**3/2 + 917*l**2. Give f(1).
3
Let c(y) be the third derivative of 1/12*y**4 - 1/6*y**3 - 104*y**2 + 0 + 0*y. What is c(-5)?
-11
Let a(v) = -v**2 + 10*v + 2. Let l = -8595 + 8606. Give a(l).
-9
Let x(m) = 0*m**2 + 15*m + 4*m - m**2 - 4 + 2*m**2 - 34*m. Let n = 44 + -28. Calculate x(n).
12
Let r = 14937 + -14948. Let q(y) = y - 22. Determine q(r).
-33
Let q(m) = m + 6. Let u(h) = h**2 + 2*h - 12. Let l be u(-4). Let y be -13 + l/(-2) + -12 + 12. Determine q(y).
-5
Let k(r) = r**3 + 17*r**2 - 20*r - 31. Let i(j) = j**3 - 33*j**2 + 35*j - 114. Let f be i(32). Give k(f).
5
Let s(l) = -9*l - 53. Let a(z) = 7*z + 44. Let o(u) = -5*a(u) - 4*s(u). What is o(-7)?
-15
Let g(p) = p**2 + 7*p + 8. Let o(k) be the first derivative of -20 + 9/2*k**2 + 2*k. Let w be o(-1). Calculate g(w).
8
Let m(j) be the third derivative of 0*j + 1/60*j**6 + 0*j**3 + 12 + 0*j**4 - j**2 + 1/20*j**5. Calculate m(-2).
-4
Let g(k) be the first derivative of -k**4/4 - 23*k**3/3 + 25*k**2 + 8*k - 96. What is g(-25)?
8
Let w be (0 - 8)/((-1)/1). Suppose -2*i + b = w, 3*b = -4*i - i - 20. Let k(t) be the first derivative of t**4/4 + 4*t**3/3 - 19220. Calculate k(i).
0
Let a(v) = v**3 + 7*v**2 - v - 24. Let i = -1401 + 1394. What is a(i)?
-17
Let z(a) = -a**2 + 25*a - 62. Let s = 31730 - 31710. Determine z(s).
38
Let m(i) = i + 216. Let q(f) = -f - 172. Let v(d) = -4*m(d) - 5*q(d). Give v(11).
7
Let v(p) = -p**3 + 4*p**2 + 5*p + 29. Let r(i) = -3*i**2 - 2*i - 12. Let w(t) = -5*r(t) - 2*v(t). What is w(-4)?
-14
Let o(y) = -y**2 - 16*y - 15. Suppose 397*s = 313*s - 1008. What is o(s)?
33
Let z(x) = x**2 - 6*x + 5. Let y(q) = 2*q**2 - 13. Let b(t) = t**2 + 2*t - 18. Let w be b(10). Let m = -99 + w. Let a be y(m). Calculate z(a).
0
Suppose -c + 5*u = 1 - 10, 0 = 4*c - 3*u + 15. Let q(m) be the third derivative of m**6/120 + m**5/12 + m**4/12 + 7*m**3/6 - 6*m**2 - 5. Give q(c).
-41
Let c(q) be the second derivative of q**2 + 0*q**3 - 3/4*q**4 - 31*q + 0. Give c(-2).
-34
Let k(w) = 4*w + 5*w**2 - 5833*w**3 + 1941*w**3 + 1945*w**3 + 1948*w**3 + 3. Suppose v + n = -2*n - 18, 3*n = 5*v. Give k(v).
9
Let u(o) = o**3 + 8*o**2 - 13*o + 14. Let i(c) = 2*c**3 + 17*c**2 - 26*c + 29. Let k(n) = -6*i(n) + 11*u(n). Let a = 33239 - 33254. Calculate k(a).
10
Let v(l) be the third derivative of 1/8*l**4 + 0 - 1/3*l**3 - 1/15*l**5 - 1/120*l**6 + 0*l - 70*l**2. Give v(-5).
8
Let w = -13329 - -13337. Let r(o) be the second derivative of o**4/12 - 7*o**3/6 - 7*o**2 - 2*o. Determine r(w).
-6
Let u be (((-20)/(-6))/(-5))/(10/45). Let n be -1 + 12/u - 1*-4. Let a(k) = 4*k**2 + k + 1. What is a(n)?
4
Let j(q) = 2*q**2 + q - 2. Let p = 37 - 35. Suppose -3*o - p*o = 0. Let g = 3 + o. Calculate j(g).
19
Suppose -34*x + 708 + 2464 = 27*x. Let i(h) = h**2 - 55*h + 160. Give i(x).
4
Let l(n) = -n**2 + n + 5. Suppose -3*j = -6*j + 90. Suppose -34*o = -j*o. Give l(o).
5
Let l = -204 + 533. Let s = l - 325. Let v(w) be the first derivative of -2*w**3/3 + 3*w**2 - 2*w - 1. Calculate v(s).
-10
Suppose 0 = 20*t + 42 - 2. Let m(u) = 18*u + 9*u - 39*u + 2*u**2 + 14*u + u**3 - 1. Give m(t).
-5
Let r(y) = -11. Let v = 54 - 56. Let j(i) = i - 12. Let l = 11 - 8. Let q(h) = l*r(h) + v*j(h). Determine q(-6).
3
Let m be (10/4)/((-70)/(-84)). Let t(p) be the second derivative of 16*p + 0 + 1/2*p**2 - 5/6*p**m. Give t(2).
-9
Let o(v) = 4*v + 1. Suppose 10 = 15*b + 25. Give o(b).
-3
Let x(l) = -52 + 59*l + 395 - 689. Determine x(6).
8
Let q(a) = -a**3 + 3*a**2 - 5*a + 4. Let p(i) = i**3 + 19*i**2 + 66*i + 290. Let g be p(-16). What is q(g)?
-2
Let k(d) = -38 - 2*d**2 - 667*d + 1218*d - 587*d. Determine k(-17).
-4
Let f(k) be the third derivative of -k**5/60 - 7*k**4/24 - k**3/6 - 536*k**2. Let m be (-1)/4 + 84/16. Give f(m).
-61
Let r(o) = 11*o + 3. Suppose -u = 5*z - 9, -9 = -3*u + 3*z - 36. What is r(u)?
-63
Let x(u) be the first derivative of -29*u**2/2 - 56*u + 2636. Calculate x(-2).
2
Let d = -3107 + 3107. Let u(q) be the third derivative of 0 + 2*q**2 + 4/3*q**3 - 1/3*q**4 + 2/15*q**5 + d*q - 1/120*q**6. Give u(7).
1
Let w(i) = 3*i + 7. Let j(n) = 11*n - 36. Let t be j(14). Suppose -59*p - t = -57*p. Let q = p + 50. Calculate w(q).
-20
Suppose -2*n = 3*n - 15. Suppose b + 4*b - 121 = -2*a, 4*b = -n*a + 101. Let j(f) = 27*f**2 + f + 1 - b*f**2 + 0*f. Determine j(-1).
4
Let i(n) = n**3 - n**2 + 2. Let b(t) = -2*t**3 + t**2 + 6*t + 7. Let z(d) = b(d) + 3*i(d). Determine z(-2).
-15
Let x(b) be the second derivative of -b**5/20 - 7*b**4/6 - 17*b**3/6 - 17*b**2 + 4*b + 431. Determine x(-13).
18
Let b(j) be the first derivative of 1/4*j**4 + 3/2*j**2 + j**3 - 25 - 22*j. Let g(l) = l**2 + l - 1. Let a(o) = -b(o) + 4*g(o). Calculate a(0).
18
Suppose 8*v - 21*v + 1040 = 0. Suppose 2*r + 6*r + v = 0. Let t(u) = u**2 + 11*u + 10. Give t(r).
0
Let x(q) = 10*q + 3. Let y(h) = -20*h - 7. Let l(z) = 5*x(z) + 2*y(z). Suppose -d = -6, 14 = -3*n + 8*n + 4*d. Give l(n).
-19
Let s be 0/(0 + -1 + 0). Let r(p) be the second derivative of 2*p**2 - 1/6*p**3 + 1 + 3*p - 1/12*p**4. What is r(s)?
4
Let y(c) = c**2 - 10*c + 34. Suppose -20*v = -24*v - 4*i + 24, 3*v - i - 22 = 0. Let q be y(v). Let u(r) = -r**3 + 12*r**2 + 12*r + 19. Give u(q).
6
Let r(x) be the third derivative of 1/24*x**4 - x**2 - 1/120*x**6 + 0*x + 1/12*x**5 + 1/2*x**3 + 0. Suppose 8*g = 2 + 38. What is r(g)?
8
Let g be 3/((-18)/(-4))*3. Let v(b) = -7*b**2 + 14*b**2 - 4*b + 0*b**2 - 5*b**g. Suppose 0 = y - 2*y + 4. Calculate v(y).
16
Let v = -69 - -31. Let a = v + 34. Let m(s) be the third derivative of -s**5/60 - 5*s**4/24 + s**3/6 + s**2. What is m(a)?
5
Let p(k) = -3*k + 23. Suppose 4*m + 57 = 89, 0 = -3*c + m - 35. Determine p(c).
50
Let l(s) = -s**2 + 2*s + 3. Let p(g) = -2*g**3 + 30*g**2 - 32*g + 61. Let z be p(14). Determine l(z).
-12
Suppose -k - 33 = 5*h, -106 + 86 = -3*k + 2*h. Let y(u) = 7*u + 6. Determine y(k).
20
Suppose 5*v - 4*s + 42 = 0, -60 + 24 = 2*v - 4*s. Let q(b) = -b**2 + b + 5. Give q(v).
-1
Let h(z) = z**2 - 16*z + 21. Suppose 22*y + 164 - 472 = 0. Determine h(y).
-7
Let h(q) = 179 + 10*q - 177 + 3*q**2 + 5*q - 12*q + q. What is h(-2)?
6
Let v(q) = -q + 18. Let u be v(14). Let w(r) = -3*r**3 - 3*r**2 + 4*r**3 - 32012 + 32013 - r. Give w(u).
13
Suppose 4*a = 3 + 5. Let g(n) = 6 - 12 - a*n + n. Let v be 68/(-12) + (-2)/(-3). Give g(v).
-1
Let k be (-11)/(-2) - (-19)/38. Let o(h) = -h + 27 + 22 + 27 + 19 - 89. Calculate o(k).
0
Let w(u) be the first derivative of -u**4/4 + 5*u**3/3 - u**2 - 17*u - 3185. Calculate w(4).
-9
Let f(x) = x**3 + 2*x**2 - 7*x - 16. Let t = 7722 + -7724. Calculate f(t).
-2
Let l(k) = 2*k - 2. Let y(v) = -28*v + 